48?
2, 17, 2098211
List the prime factors of 2309053486.
2, 29, 39811267
What are the prime factors of 149927489?
977, 153457
What are the prime factors of 109959305?
5, 277, 79393
List the prime factors of 42284926.
2, 21142463
What are the prime factors of 150092699?
150092699
What are the prime factors of 13326210?
2, 3, 5, 263, 563
List the prime factors of 43398995.
5, 227, 38237
List the prime factors of 31048535.
5, 7, 887101
What are the prime factors of 2714627036?
2, 11, 3803, 16223
List the prime factors of 5159235725.
5, 7, 1871, 2251
List the prime factors of 3985789871.
7, 569398553
What are the prime factors of 938648600?
2, 5, 73, 239, 269
What are the prime factors of 5591114952?
2, 3, 19, 461, 26597
List the prime factors of 46529566.
2, 71, 327673
List the prime factors of 142147970.
2, 5, 14214797
List the prime factors of 1151376145.
5, 41, 5616469
List the prime factors of 483129114.
2, 3, 13, 6193963
What are the prime factors of 130708467?
3, 19, 593, 1289
List the prime factors of 395592353.
13, 173, 175897
List the prime factors of 2458349335.
5, 13, 47, 804697
What are the prime factors of 13787343?
3, 31, 49417
List the prime factors of 1771405065.
3, 5, 607, 21617
What are the prime factors of 96087248?
2, 89, 67477
What are the prime factors of 1290080113?
7, 331, 556789
List the prime factors of 1482169871.
7, 13, 17, 313, 3061
What are the prime factors of 65473105?
5, 41, 277, 1153
What are the prime factors of 17197810?
2, 5, 7, 245683
List the prime factors of 438263411.
127, 137, 25189
What are the prime factors of 195185402?
2, 229, 1861
List the prime factors of 1243260804.
2, 3, 113, 916859
List the prime factors of 1743300875.
5, 83, 168029
What are the prime factors of 4283722763?
41, 113, 463, 1997
What are the prime factors of 133722561?
3, 7, 17, 31, 43, 281
List the prime factors of 1077430470.
2, 3, 5, 83, 103, 4201
What are the prime factors of 79524469?
79524469
List the prime factors of 289316838.
2, 3, 19, 37, 113, 607
What are the prime factors of 382313997?
3, 13, 157, 1601
What are the prime factors of 55808516?
2, 3217, 4337
What are the prime factors of 28170247?
7, 82129
What are the prime factors of 48239204?
2, 13, 927677
List the prime factors of 93979328.
2, 1468427
What are the prime factors of 1273335622?
2, 13, 48974447
What are the prime factors of 284240364?
2, 3, 31, 37, 107, 193
What are the prime factors of 547501610?
2, 5, 367, 149183
What are the prime factors of 49933328?
2, 3120833
What are the prime factors of 27844052?
2, 6961013
List the prime factors of 75080424.
2, 3, 373, 8387
List the prime factors of 4912862339.
7, 11, 63803407
What are the prime factors of 5911810?
2, 5, 591181
What are the prime factors of 166508660?
2, 5, 8325433
What are the prime factors of 6636726464?
2, 103698851
What are the prime factors of 353203391?
79, 4470929
What are the prime factors of 8546431?
8546431
What are the prime factors of 151689693?
3, 73, 692647
What are the prime factors of 329922439?
7, 11, 87443
What are the prime factors of 1262176894?
2, 11, 503, 10369
List the prime factors of 1819608792.
2, 3, 37, 137, 14957
List the prime factors of 34038906.
2, 3, 11, 515741
What are the prime factors of 232228163?
79, 2939597
What are the prime factors of 3124975222?
2, 61, 317, 80803
List the prime factors of 1436028855.
3, 5, 95735257
What are the prime factors of 1355100823?
1355100823
List the prime factors of 736782395.
5, 147356479
What are the prime factors of 156192551?
156192551
List the prime factors of 3040128282.
2, 3, 59, 191, 44963
What are the prime factors of 36286589?
107, 339127
What are the prime factors of 19963192?
2, 53, 197, 239
What are the prime factors of 396151222?
2, 229, 864959
What are the prime factors of 23029891?
197, 116903
List the prime factors of 912929425.
5, 29, 1259213
What are the prime factors of 152242087?
37, 4114651
List the prime factors of 4025609.
7, 575087
What are the prime factors of 635657?
11, 57787
List the prime factors of 21791862.
2, 3, 403553
What are the prime factors of 5296565?
5, 1059313
List the prime factors of 111563694.
2, 3, 11, 181, 283
List the prime factors of 1418928610.
2, 5, 11, 71, 97, 1873
What are the prime factors of 36488392?
2, 17, 268297
List the prime factors of 78802305.
3, 5, 5253487
What are the prime factors of 159996245?
5, 19, 1684171
What are the prime factors of 2786482676?
2, 14549, 47881
List the prime factors of 32886727.
32886727
What are the prime factors of 2416316586?
2, 3, 107, 3763733
What are the prime factors of 185299063?
23, 8056481
What are the prime factors of 22414958?
2, 47, 389, 613
List the prime factors of 201234826.
2, 13, 31, 249671
List the prime factors of 853751807.
853751807
What are the prime factors of 10922874?
2, 3, 17, 173, 619
What are the prime factors of 29767532?
2, 7441883
List the prime factors of 158366776.
2, 23, 860689
List the prime factors of 292010268.
2, 3, 11, 83, 2423
List the prime factors of 49542491.
293, 353, 479
List the prime factors of 18348609.
3, 1319, 4637
What are the prime factors of 44844441?
3, 14948147
List the prime factors of 172723196.
2, 17, 31, 81937
What are the prime factors of 473177527?
473177527
What are the prime factors of 1222182368?
2, 11, 313, 11093
What are the prime factors of 1713386627?
1713386627
List the prime factors of 8479477299.
3, 16433, 172001
What are the prime factors of 2601520332?
2, 3, 149, 1454989
List the prime factors of 1521142972.
2, 380285743
List the prime factors of 25470832.
2, 1591927
What are the prime factors of 272068394?
2, 13, 487, 21487
What are the prime factors of 7747334?
2, 7, 31, 17851
List the prime factors of 744143570.
2, 5, 74414357
List the prime factors of 70073864.
2, 7, 17, 73607
What are the prime factors of 23540987?
727, 32381
List the prime factors of 430322680.
2, 5, 2417, 4451
What are the prime factors of 843698769?
3, 29, 334403
What are the prime factors of 61360304?
2, 127, 30197
What are the prime factors of 415939446?
2, 3, 13, 947, 1877
What are the prime factors of 857610753?
3, 31, 37, 249233
What are the prime factors of 330509021?
157, 1051, 2003
List the prime factors of 112947890.
2, 5, 11, 1026799
List the prime factors of 179870042.
2, 11, 8175911
What are the prime factors of 685926350?
2, 5, 37, 101, 3671
What are the prime factors of 296482062?
2, 3, 49413677
List the prime factors of 30233663.
83, 563, 647
List the prime factors of 71289107.
71289107
List the prime factors of 326819563.
7, 2351, 2837
List the prime factors of 551889.
3, 13, 53, 89
List the prime factors of 96650089.
3011, 32099
List the prime factors of 5031542981.
379, 1109, 11971
List the prime factors of 38803449.
3, 12934483
List the prime factors of 160946992.
2, 1423, 7069
List the prime factors of 391795481.
7, 11, 17, 29, 10321
What are the prime factors of 67828410?
2, 3, 5, 13, 57973
List the prime factors of 495767161.
683, 725867
What are the prime factors of 444580904?
2, 29, 193, 9929
What are the prime factors of 90223004?
2, 67, 336653
What are the prime factors of 213698528?
2, 6678079
What are the prime factors of 9616982?
2, 4808491
List the prime factors of 893757289.
893757289
List the prime factors of 820137195.
3, 5, 18225271
What are the prime factors of 316244962?
2, 11, 43, 334297
List the prime factors of 505944720.
2, 3, 5, 702701
List the prime factors of 100044558.
2, 3, 17, 12109
What are the prime factors of 4906511853?
3, 1635503951
What are the prime factors of 1232088119?
1232088119
What are the prime factors of 112022090?
2, 5, 11202209
List the prime factors of 3351070586.
2, 12611, 132863
List the prime factors of 66931198.
2, 283, 118253
What are the prime factors of 469065214?
2, 821, 285667
List the prime factors of 761180805.
3, 5, 7, 11, 219677
What are the prime factors of 547012342?
2, 227, 1204873
What are the prime factors of 101690892?
2, 3, 47, 60101
What are the prime factors of 23182009?
23182009
List the prime factors of 46235953.
46235953
What are the prime factors of 32876117?
32876117
List the prime factors of 90280852.
2, 41, 73, 7541
What are the prime factors of 2008292954?
2, 109, 223, 379
What are the prime factors o